
What is the millions digit of 4961370?
4
What is the units digit of 231504?
4
What is the thousands digit of 266400?
6
What is the hundreds digit of 5787942?
9
What is the hundreds digit of 327746?
7
What is the thousands digit of 819527?
9
What is the millions digit of 2029813?
2
What is the ten thousands digit of 11501324?
0
What is the ten thousands digit of 78939?
7
What is the ten thousands digit of 604528?
0
What is the thousands digit of 722205?
2
What is the tens digit of 238700?
0
What is the hundreds digit of 557778?
7
What is the thousands digit of 9989059?
9
What is the hundreds digit of 1605502?
5
What is the units digit of 32025944?
4
What is the hundred thousands digit of 30081244?
0
What is the tens digit of 1087481?
8
What is the units digit of 25001237?
7
What is the ten thousands digit of 1889074?
8
What is the hundred thousands digit of 1259443?
2
What is the hundreds digit of 6463758?
7
What is the thousands digit of 1595349?
5
What is the ten thousands digit of 8939657?
3
What is the units digit of 1724223?
3
What is the tens digit of 26794218?
1
What is the ten thousands digit of 871567?
7
What is the units digit of 189869?
9
What is the units digit of 4858644?
4
What is the hundred thousands digit of 6639116?
6
What is the hundreds digit of 538662?
6
What is the millions digit of 3306939?
3
What is the ten thousands digit of 777495?
7
What is the hundred thousands digit of 1029232?
0
What is the hundreds digit of 7632?
6
What is the ten thousands digit of 148890?
4
What is the hundred thousands digit of 151033?
1
What is the hundred thousands digit of 8709952?
7
What is the thousands digit of 14993811?
3
What is the ten thousands digit of 374450?
7
What is the thousands digit of 1233810?
3
What is the tens digit of 206309?
0
What is the thousands digit of 25648?
5
What is the hundreds digit of 66854?
8
What is the ten thousands digit of 3995549?
9
What is the units digit of 1282206?
6
What is the units digit of 2838934?
4
What is the units digit of 1405729?
9
What is the units digit of 93071?
1
What is the hundreds digit of 13519597?
5
What is the hundreds digit of 8242739?
7
What is the thousands digit of 749384?
9
What is the tens digit of 3216201?
0
What is the hundred thousands digit of 4251244?
2
What is the thousands digit of 5940463?
0
What is the ten thousands digit of 2869457?
6
What is the hundreds digit of 114734?
7
What is the ten thousands digit of 13636580?
3
What is the hundreds digit of 128998?
9
What is the units digit of 846298?
8
What is the ten thousands digit of 146501?
4
What is the units digit of 3196772?
2
What is the hundreds digit of 5737421?
4
What is the hundred thousands digit of 247928?
2
What is the ten thousands digit of 20440153?
4
What is the hundreds digit of 34278984?
9
What is the millions digit of 7472715?
7
What is the tens digit of 4075704?
0
What is the units digit of 1931770?
0
What is the thousands digit of 117295?
7
What is the hundred thousands digit of 621494?
6
What is the units digit of 1089940?
0
What is the hundred thousands digit of 237126?
2
What is the thousands digit of 507635?
7
What is the ten thousands digit of 5833930?
3
What is the units digit of 5259217?
7
What is the ten thousands digit of 3112667?
1
What is the tens digit of 4866491?
9
What is the millions digit of 1240833?
1
What is the hundred thousands digit of 9487573?
4
What is the hundreds digit of 12082437?
4
What is the hundred thousands digit of 203559?
2
What is the tens digit of 1179145?
4
What is the ten millions digit of 13089108?
1
What is the ten thousands digit of 2499480?
9
What is the hundred thousands digit of 183550?
1
What is the units digit of 112045?
5
What is the millions digit of 2319369?
2
What is the ten millions digit of 17372988?
1
What is the units digit of 2626110?
0
What is the hundred thousands digit of 196681?
1
What is the ten thousands digit of 392735?
9
What is the tens digit of 8095349?
4
What is the hundreds digit of 1976727?
7
What is the ten thousands digit of 26890?
2
What is the hundred thousands digit of 21279986?
2
What is the millions digit of 1119986?
1
What is the thousands digit of 1939542?
9
What is the thousands digit of 1395356?
5
What is the millions digit of 3503369?
3
What is the thousands digit of 4215835?
5
What is the hundred thousands digit of 260930?
2
What is the ten thousands digit of 26280?
2
What is the tens digit of 379061?
6
What is the millions digit of 3459780?
3
What is the ten thousands digit of 484562?
8
What is the ten thousands digit of 197729?
9
What is the hundreds digit of 2567354?
3
What is the thousands digit of 535499?
5
What is the tens digit of 4003760?
6
What is the units digit of 1223371?
1
What is the hundred thousands digit of 145424?
1
What is the tens digit of 151845?
4
What is the ten thousands digit of 615298?
1
What is the tens digit of 1266879?
7
What is the tens digit of 36087?
8
What is the hundreds digit of 9070731?
7
What is the tens digit of 235513?
1
What is the hundreds digit of 274592?
5
What is the tens digit of 132471?
7
What is the hundreds digit of 17553?
5
What is the ten thousands digit of 1383930?
8
What is the units digit of 767961?
1
What is the hundred thousands digit of 391177?
3
What is the tens digit of 1612156?
5
What is the ten thousands digit of 16584922?
8
What is the hundred thousands digit of 209834?
2
What is the units digit of 561339?
9
What is the units digit of 2708558?
8
What is the hundred thousands digit of 229404?
2
What is the units digit of 6149518?
8
What is the hundreds digit of 276415?
4
What is the units digit of 292841?
1
What is the ten thousands digit of 429093?
2
What is the tens digit of 13864452?
5
What is the thousands digit of 723416?
3
What is the units digit of 245268?
8
What is the tens digit of 292775?
7
What is the units digit of 304888?
8
What is the ten thousands digit of 1478157?
7
What is the thousands digit of 165588?
5
What is the units digit of 939573?
3
What is the tens digit of 3578390?
9
What is the ten thousands digit of 459185?
5
What is the hundred thousands digit of 323490?
3
What is the millions digit of 4340731?
4
What is the tens digit of 133825?
2
What is the units digit of 1609212?
2
What is the tens digit of 13685652?
5
What is the ten thousands digit of 2704442?
0
What is the hundreds digit of 29790?
7
What is the units digit of 2444418?
8
What is the tens digit of 3963687?
8
What is the millions digit of 1348244?
1
What is the thousands digit of 931080?
1
What is the tens digit of 2612280?
8
What is the units digit of 5368882?
2
What is the units digit of 637847?
7
What is the tens digit of 1481043?
4
What is the hundreds digit of 34748?
7
What is the hundred thousands digit of 1492172?
4
What is the hundreds digit of 16917174?
1
What is the units digit of 129521?
1
What is the hundreds digit of 8611?
6
What is the tens digit of 56351?
5
What is the tens digit of 1009949?
4
What is the thousands digit of 2554229?
4
What is the hundreds digit of 333438?
4
What is the hundred thousands digit of 299507?
2
What is the units digit of 1767292?
2
What is the tens digit of 7598435?
3
What is the tens digit of 294586?
8
What is the thousands digit of 2409439?
9
What is the thousands digit of 63293?
3
What is the ten thousands digit of 3917852?
1
What is the units digit of 5982096?
6
What is the hundred thousands digit of 3218247?
2
What is the hundred thousands digit of 26828756?
8
What is the ten thousands digit of 359410?
5
What is the tens digit of 3153417?
1
What is the ten thousands digit of 868222?
6
What is the thousands digit of 2380274?
0
What is the thousands digit of 1680373?
0
What is the thousands digit of 29191490?
1
What is the ten thousands digit of 329265?
2
What is the ten thousands digit of 9130411?
3
What is the tens digit of 5070500?
0
What is the hundreds digit of 60361?
3
What is the units digit of 932440?
0
What is the hundred thousands digit of 459290?
4
What is the tens digit of 184952?
5
What is the units digit of 2166722?
2
What is the hundred thousands digit of 3092499?
0
What is the thousands digit of 7801089?
1
What is the ten thousands digit of 462733?
6
What is the hundred thousands digit of 4784872?
7
What is the t